0010001100000101 + -100?
-100011111110010001100001001
In base 3, what is 120102 + -1012201121?
-1012011012
In base 13, what is 2054 - -968?
29bc
In base 2, what is 111001100 - -1010101000001111001?
1010101001001000101
In base 8, what is -624 + -67530?
-70354
In base 6, what is -2 - 32202000510?
-32202000512
In base 12, what is 26aa8 + -1774?
25334
In base 3, what is -112121201022121002 - -11?
-112121201022120221
In base 15, what is -5be32 + 3d?
-5bde4
In base 9, what is -2660 - -16861?
14201
In base 6, what is -2221 + -35245?
-41510
In base 7, what is -44 + 6353203?
6353126
In base 2, what is 11100 + 1001110100101000111?
1001110100101100011
In base 13, what is -4 - 21a1910?
-21a1914
In base 10, what is -8 + 191194?
191186
In base 13, what is -a86 + -2713?
-3499
In base 6, what is -2425 + -52121?
-54550
In base 11, what is 18 + -341814?
-3417a7
In base 14, what is 5616c0 + 1?
5616c1
In base 6, what is -1431 - -22223?
20352
In base 4, what is 1103300020020 + 20?
1103300020100
In base 4, what is 11 + 3023022003?
3023022020
In base 5, what is -121244031 - 131?
-121244212
In base 10, what is -70 - 1874088?
-1874158
In base 6, what is 115001413033 + 5?
115001413042
In base 13, what is -132a + -5a6?
-1903
In base 11, what is 6470990 - -12?
64709a2
In base 3, what is 10122 + -121201021021?
-121201010122
In base 14, what is -1aa7 + 698c?
4cc5
In base 16, what is 16d - -37be?
392b
In base 4, what is -22113132221 - -121?
-22113132100
In base 2, what is 101000110011100101010110 - 1011?
101000110011100101001011
In base 5, what is -1 - 30300012232?
-30300012233
In base 8, what is 102210422 - 2?
102210420
In base 14, what is -986 + -139a3?
-14549
In base 16, what is 612f87 - 3f?
612f48
In base 3, what is -200200010 + 101112101?
-22010202
In base 2, what is -11001101 + -1101111100010?
-1110010101111
In base 9, what is 767 - -17556?
18434
In base 5, what is 21200 - 32301?
-11101
In base 3, what is -21212 - 1020112122?
-1020211111
In base 12, what is b8 - 151139?
-151041
In base 8, what is 121376664 - -15?
121376701
In base 15, what is 54bd6 + -30?
54ba6
In base 13, what is 4 - -816c6c1?
816c6c5
In base 2, what is -11 - 10110000111001011011001111?
-10110000111001011011010010
In base 11, what is 580 - -13561?
14031
In base 6, what is -22101 - 11220?
-33321
In base 10, what is -3480 - -55481?
52001
In base 2, what is 1101011111000 + -111111111100?
101011111100
In base 2, what is -1010000000011010000101101 + 1000?
-1010000000011010000100101
In base 11, what is a269 + 14472?
23730
In base 9, what is 2 - -118308?
118311
In base 2, what is -1011101011001101 + -10010001?
-1011101101011110
In base 2, what is 1110111000010010100010 - 1?
1110111000010010100001
In base 12, what is -84ba2 - -2980?
-82222
In base 14, what is -4 - 2cc98?
-2cc9c
In base 16, what is -4 - aa578c?
-aa5790
In base 13, what is 26699 - 55c?
2613a
In base 2, what is 11010100100100111111110 - 11?
11010100100100111111011
In base 9, what is -77 + -52864?
-53052
In base 10, what is -4 + -69518539?
-69518543
In base 5, what is 13140 + 242412?
311102
In base 5, what is -20 - -313100043440?
313100043420
In base 11, what is -350 + -14417?
-14767
In base 12, what is -18a999 + 9?
-18a990
In base 11, what is 5 + 131a072?
131a077
In base 16, what is -2 + -ac0605?
-ac0607
In base 9, what is -124810 + 1067?
-123732
In base 3, what is -1002000001022101202 + 2?
-1002000001022101200
In base 4, what is -1 - 2311020311022?
-2311020311023
In base 15, what is 2921 - 12ae?
1662
In base 10, what is -438 - -40596?
40158
In base 12, what is 249 - -21b059?
21b2a6
In base 10, what is 3 - 58426272?
-58426269
In base 12, what is -981 - 3560b?
-36390
In base 11, what is -284798 + 49?
-28474a
In base 14, what is 2 + -13993b3?
-13993b1
In base 4, what is 11312122323 - 3122?
11312113201
In base 5, what is -324024144 - 1222?
-324030421
In base 5, what is 40103244 - -102?
40103401
In base 8, what is 1 - 11712263?
-11712262
In base 6, what is -4 + 122100321?
122100313
In base 7, what is -16024233 - 5?
-16024241
In base 14, what is -26d0 + -5b8c?
-847c
In base 11, what is -2000121 - 2?
-2000123
In base 8, what is 340060260 - 4?
340060254
In base 6, what is -20143222304 + 2?
-20143222302
In base 6, what is 2012 + 440140?
442152
In base 2, what is 111110000001110000 - -110100?
111110000010100100
In base 12, what is -870 - 21757?
-22407
In base 11, what is -26a95 + -57a?
-27564
In base 12, what is -31a0ab47 - -5?
-31a0ab42
In base 5, what is 30024343 - 4331?
30020012
In base 12, what is -a39136 + -7?
-a39141
In base 11, what is 474 + 1743?
2107
In base 5, what is 10444131 - -420?
11000101
In base 15, what is 48a71 - 18?
48a58
In base 5, what is 40423003 - -3?
40423011
In base 10, what is -1290 - 9438?
-10728
In base 10, what is 1190 + -12591?
-11401
In base 16, what is -3 - -45904a?
459047
In base 12, what is -8532 - -128?
-8406
In base 2, what is 101 + 111011001111100110100?
111011001111100111001
In base 15, what is c4e1727 - 4?
c4e1723
In base 16, what is -3a9140 + a7?
-3a9099
In base 8, what is -10422467 + -20?
-10422507
In base 8, what is 17 + -45723267?
-45723250
In base 16, what is -1 - 2c0431f?
-2c04320
In base 4, what is 210211 + 121121?
331332
In base 8, what is -1 - -3777113?
3777112
In base 5, what is 10 - -2132213334?
2132213344
In base 8, what is 27527 - -30?
27557
In base 16, what is baa2aba - 1?
baa2ab9
In base 7, what is 332351206 - 131?
332351045
In base 10, what is -1702 - 1339?
-3041
In base 8, what is 1203 - -667666?
671071
In base 15, what is -1 + 539a118?
539a117
In base 4, what is 313 + -12310100?
-12303121
In base 5, what is 240 + 101342240?
101343030
In base 7, what is 566 + -13331331?
-13330432
In base 15, what is db6e93 - 1?
db6e92
In base 7, what is 31550066 + -3?
31550063
In base 12, what is 1a8b5 - -2a9?
1aba2
In base 16, what is -1b7 + 1ca509?
1ca352
In base 2, what is 11100001111000 + 1101100?
11100011100100
In base 13, what is 12661 - -3c8?
12a59
In base 2, what is -100111011101010 - -10000101011?
-100101010111111
In base 12, what is b99b15a + 3?
b99b161
In base 12, what is -56 - 15b21?
-15b77
In base 10, what is -790 - -6154?
5364
In base 3, what is -11 - -211110101210100?
211110101210012
In base 8, what is -5 - -3063112?
3063105
In base 9, what is -12414573 + -3?
-12414576
In base 14, what is -4 - 36b5d03?
-36b5d07
In base 15, what is 1a5a3543 + -2?
1a5a3541
In base 9, what is -12243814 - -4?
-12243810
In base 2, what is -11011 - 10001000111111000100?
-10001000111111011111
In base 8, what is 1717312 + -1?
1717311
In base 11, what is -16250 + -4895?
-20035
In base 12, what is 0 + -267237b0?
-267237b0
In base 8, what is 12 + 113037750?
113037762
In base 12, what is -2627 - 1681?
-40a8
In base 11, what is -189948 + 105?
-189843
In base 3, what is 11100021202212 + 11?
11100021210000
In base 11, what is 27 + 416886?
416902
In base 3, what is 11101200120102021010 + -1?
11101200120102021002
In base 10, what is 354320 - -764?
355084
In base 15, what is -e2a9c86 + 3?
-e2a9c83
In base 2, what is 1000010101011100001010100 + 11?
1000010101011100001010111
In base 8, what is -115 + -135577?
-135714
In base 13, what is 3222b - 1b?
32210
In base 6, what is 2 + -1543503245?
-1543503243
In base 14, what is -3 + 485aa15?
485aa12
In base 10, what is 23 - -4601656?
4601679
In base 10, what is 5 - 1223603?
-1223598
In base 5, what is 10310202 + -4400?
10300302
In base 7, what is -2313604112 - 5?
-2313604120
In base 6, what is -2512 + -32035?
-34551
In base 11, what is 97095 + -80?
97015
In base 16, what is 3a1 - -3e1e?
41bf
In base 2, what is -1011011110001011011010 - -1?
-1011011110001011011001
In base 6, what is 535 - 23505433?
-23504454
In base 12, what is -55319 + 69?
-55270
In base 14, what is 2 - 9d3a430?
-9d3a42c
In base 15, what is 99a6bd + -3?
99a6ba
In base 16, what is -1e5e3e9 + -d?
-1e5e3f6
In base 10, what is -216353497 - 5?
-216353502
In base 10, what is 41 - -458606?
458647
In base 16, what is 259f43 + -5?
259f3e
In base 5, what is -2 + 300011130?
300011123
In base 3, what is 210221001120 + 122?
210221002012
In base 4, what is 2 - -3232123211?
3232123213
In base 8, what is -1150776 - 41?
-1151037
In base 3, what is 2222 + 211021012201?
211021022200
In base 13, what is 5 + -69817b?
-698176
In base 16, what 